et r(p) = p**3 + 20*p**2 - 53*p - 67. Give r(0).
-67
Let n(y) = -77031*y + 847337. Calculate n(11).
-4
Let b(z) = 136*z - 48707. Calculate b(357).
-155
Let t(y) = -2*y**3 - 96*y**2 + 826*y - 292. Calculate t(-56).
3628
Let q(i) = 6*i**2 - 882*i + 408. Calculate q(147).
408
Let o(z) = 33614*z - 100835. Give o(3).
7
Let o(j) = 612*j + 694. Calculate o(-1).
82
Let j(a) = -789273*a + 17364012. What is j(22)?
6
Let y(t) = -t**3 + 53*t**2 - 62*t + 501. Calculate y(52).
-19
Let k(i) = -2*i**2 - 15319*i - 137707. Give k(-9).
2
Let j(f) = 10*f**3 - 32*f**2 - 213*f + 659. Give j(3).
2
Let p(l) = 2*l**3 + 6*l**2 - 211*l + 1193. Give p(-13).
556
Let u(c) = -3*c**3 - 81*c**2 - 77*c + 28. Calculate u(-26).
2
Let n(m) = -1115*m - 11631. Determine n(-10).
-481
Let b(l) = 2*l**2 - 1953*l - 109104. Give b(-53).
23
Let f(k) = -2126*k - 646328. Give f(-304).
-24
Let h(f) = -9*f**3 - 7*f**2 + 21*f + 136. What is h(4)?
-468
Let t(p) = -265*p + 14930. Calculate t(56).
90
Let b(l) = l**3 + 161*l**2 + 111*l - 7851. What is b(-160)?
-11
Let j(n) = 11*n - 649. Calculate j(54).
-55
Let g(h) = 323*h + 37474. Give g(-116).
6
Let s(f) = -18*f**2 + 51*f + 372. What is s(-6)?
-582
Let i(u) = -190526*u - 4763144. Calculate i(-25).
6
Let p(j) = -5094*j - 55950. Determine p(-11).
84
Let o(c) = -1685*c**2 - 8375*c + 51. Calculate o(-5).
-199
Let a(u) = u**3 + 461*u**2 - 11310*u - 7915. Give a(24).
5
Let l(r) = 156*r**3 + 2342*r**2 + 8*r - 33. Calculate l(-15).
297
Let g(f) = 7*f**3 + 68*f**2 - 28*f - 206. What is g(-9)?
451
Let m(w) = 65*w**2 + 856*w - 144. What is m(-14)?
612
Let i(l) = -2*l**2 - 9789*l - 146352. What is i(-15)?
33
Let g(w) = -163*w**2 + 2726*w + 756. Calculate g(17).
-9
Let q(a) = -a**3 + 30*a**2 - 31*a + 93. Determine q(29).
35
Let v(i) = i**3 + 229*i**2 + 403*i - 11630. What is v(-227)?
-53
Let c(q) = -q**3 + 280*q**2 + 18*q - 4898. What is c(280)?
142
Let g(w) = 13*w**2 + 130*w - 596. What is g(5)?
379
Let s(a) = a**3 - 14*a**2 - 136*a + 1196. What is s(18)?
44
Let p(o) = 3*o**3 + 97*o**2 - 700*o + 3214. Calculate p(-39).
94
Let t(x) = 370*x - 136136. Calculate t(369).
394
Let i(m) = -m**2 + 452*m - 1361. Calculate i(3).
-14
Let y(s) = -37*s**2 - 14467*s - 223. Give y(-391).
-223
Let a(y) = -5*y**2 - 44*y - 386. Determine a(-11).
-507
Let i(h) = 2*h**2 - 331*h + 3683. Give i(13).
-282
Let n(x) = 3*x**2 - 815*x + 22. Give n(0).
22
Let w(x) = -956*x + 29175. What is w(30)?
495
Let i(d) = -2*d**3 + 10*d**2 + 62*d + 10. What is i(-6)?
430
Let k(z) = -269*z + 18019. What is k(65)?
534
Let i(z) = -924*z + 13083. Determine i(14).
147
Let t(s) = -2*s**2 - 180*s - 40. Calculate t(-73).
2442
Let f(u) = -u**3 + 109*u**2 - 3921*u + 46571. Calculate f(43).
2
Let d(u) = 3*u**2 + 8706*u - 263840. Determine d(30).
40
Let j(z) = 21*z**2 + 5786*z - 29446. What is j(5)?
9
Let i(v) = -543*v**2 + 52127*v + 116. Calculate i(96).
20
Let u(q) = 393*q + 7230. What is u(-19)?
-237
Let a(f) = -f**3 - 13*f**2 - 92*f - 738. What is a(-12)?
222
Let r(w) = 735*w + 1575. Calculate r(-2).
105
Let n(d) = -3180781*d + 3180780. Determine n(1).
-1
Let m(u) = -154179*u - 73543392. Determine m(-477).
-9
Let q(h) = -1102*h + 415520. Give q(377).
66
Let z(a) = 7*a**3 + 101*a**2 - 80*a - 7. What is z(-15)?
293
Let o(g) = g**3 - 5*g**2 - 18624*g - 287. Determine o(139).
-9
Let z(w) = -25*w**2 - 11071*w + 22142. What is z(2)?
-100
Let x(y) = 2*y**3 + 233*y**2 - 9125*y - 624. Give x(31).
-4
Let u(r) = 108*r + 10005. Determine u(-92).
69
Let b(i) = 6142*i + 3955433. Give b(-644).
-15
Let j(l) = -2*l**3 - 2871*l**2 - 4201*l + 144819. Calculate j(-1434).
-15
Let c(b) = -b**3 + 296*b**2 + 2436*b - 368. Give c(304).
848
Let v(x) = -101*x**2 - 242*x + 2. Determine v(-1).
143
Let l(h) = -28*h**3 + 98*h**2 - 567*h + 2497. Give l(4).
5
Let h(l) = l**3 - 76*l**2 - 902*l + 11715. What is h(85)?
70
Let t(b) = 48*b**2 + 1273*b + 6390. Determine t(-5).
1225
Let l(s) = -1242*s + 114280. Determine l(92).
16
Let j(p) = -3*p**3 - 32*p**2 - 55*p - 184. Calculate j(-13).
1714
Let u(j) = 10*j**3 + 3*j**2 - 12*j - 78. What is u(-4)?
-622
Let x(y) = y**3 - 168*y**2 + 6096*y - 101. What is x(115)?
14
Let g(x) = -x**2 - 45417*x - 862576. Determine g(-19).
-14
Let l(o) = 1248*o**2 - 6184*o - 266. What is l(5)?
14
Let u(a) = -3*a**3 + 183*a**2 - 744*a - 27. What is u(4)?
-267
Let t(u) = 15*u**2 + 143*u - 3461. Give t(13).
933
Let i(y) = -3*y**3 - 54*y**2 + 146*y + 1. Give i(-19).
-1690
Let t(u) = 181*u**2 + 3804*u - 61. Calculate t(-20).
-3741
Let n(q) = -26*q**3 + 366*q**2 - 52*q + 339. What is n(14)?
3
Let y(w) = -416*w + 10986. Determine y(26).
170
Let a(d) = 687*d + 4616. What is a(-8)?
-880
Let q(r) = -r**3 - 27*r**2 - 769*r - 4932. Determine q(-8).
4
Let c(o) = o**2 + 3773*o - 584367. Give c(149).
11
Let a(r) = 2*r**3 + 142*r**2 + 788*r + 443. Determine a(-65).
-77
Let q(t) = t**3 - 5*t**2 + 136*t - 1178. What is q(8)?
102
Let d(c) = -150*c**2 - 1485*c - 227. Calculate d(-10).
-377
Let a(k) = -k**3 + 343*k**2 + 16690*k + 3938. Give a(-43).
-18
Let x(v) = -v**3 + 18*v**2 - 407*v + 4949. Calculate x(14).
35
Let o(u) = 4*u**3 + 13*u**2 + 45*u - 312. What is o(3)?
48
Let o(a) = a**3 - 248*a**2 + 13931*a + 95. Give o(86).
9
Let q(d) = d**3 + 24*d**2 - 1238*d - 498. What is q(-49)?
139
Let w(h) = -2065*h - 14320. Calculate w(-7).
135
Let x(d) = 241271*d + 13269905. Give x(-55).
0
Let m(r) = r**2 - 610*r + 7872. What is m(13)?
111
Let q(g) = -g**2 - 45216*g + 768951. Determine q(17).
-10
Let m(d) = -20147*d - 5983691. What is m(-297)?
-32
Let o(y) = -19546*y + 195569. Determine o(10).
109
Let g(q) = q**2 + 4987*q - 7736423. Give g(1242).
-5
Let w(b) = -6*b**2 + 932*b - 14737. What is w(16)?
-1361
Let n(k) = 34*k**2 - 6528*k + 13085. Determine n(2).
165
Let r(i) = i**2 + 12952*i - 584858. Calculate r(45).
7
Let i(z) = -z**3 + 193*z**2 + 4011*z + 3617. Calculate i(212).
13
Let o(k) = 2*k**3 - k**2 + 39*k + 237. Calculate o(-10).
-2253
Let h(n) = 1601*n + 57625. What is h(-36)?
-11
Let m(f) = -6275*f - 36605. Determine m(-6).
1045
Let x(l) = 3*l**3 + 29*l**2 - 153*l - 1084. Give x(-12).
-256
Let n(x) = 230*x - 10944. Determine n(47).
-134
Let d(n) = -1052*n - 109061. Give d(-105).
1399
Let c(g) = -127*g + 2425. What is c(17)?
266
Let c(j) = -16890*j - 202690. Determine c(-12).
-10
Let t(l) = 100537*l - 2815049. Give t(28).
-13
Let p(v) = 66*v**2 - 5269*v - 1031. What is p(80)?
-151
Let p(r) = -17078*r + 3603462. Give p(211).
4
Let q(o) = 10737*o + 96578. Determine q(-9).
-55
Let l(h) = 5815*h + 50562. Determine l(-9).
-1773
Let o(s) = 22713*s + 385573. Calculate o(-17).
-548
Let t(z) = 10369*z - 72588. Calculate t(7).
-5
Let l(k) = -1494*k**2 - 41828*k + 56. What is l(-28)?
-56
Let y(s) = -2*s**3 + 33*s**2 + 10*s + 33. Calculate y(16).
449
Let s(q) = -q**3 + 13*q**2 - 47*q + 284. Give s(11).
9
Let c(z) = z**2 - 48*z + 949. Calculate c(20).
389
Let w(i) = 6*i**2 - 466*i - 9995. Give w(-19).
1025
Let f(v) = -31*v**3 - 74*v**2 + 4*v + 21. Calculate f(-3).
180
Let c(a) = -2*a**2 + 58*a + 16020. Calculate c(-75).
420
Let w(a) = -77*a**3 + 2*a**2 + 8*a + 12. Give w(-1).
83
Let w(s) = s**3 + 71*s**2 - 127*s + 3132. Calculate w(-73).
1745
Let o(r) = 1343*r + 2272. Give o(-2).
-414
Let u(h) = 22*h**2 + 285*h - 345. Calculate u(-14).
-23
Let x(r) = 12*r**3 - 1944*r**2 + 15*r - 177. Calculate x(162).
2253
Let s(n) = -3*n**2 - 7791*n - 23397. Calculate s(-3).
-51
Let s(p) = 130873*p + 2094149. Calculate s(-16).
181
Let q(k) = 5*k**3 + 1416*k**2 + 293*k + 2870. What is q(-283)?
40
Let m(h) = h**3 + 119*h**2 + 454*h - 716. Determine m(-115).
-26
Let r(s) = 2112248*s - 44357205. What is r(21)?
3
Let u(g) = 502*g - 46123. Determine u(92).
61
Let y(w) = -w**3 + 4*w**2 + 250*w + 1285. What is y(-5)?
260
Let c(s) = -54235*s + 38289913. Give c(706).
3
Let p(b) = 30*b**2 + 921*b - 1252. Calculate p(-32).
-4
Let r(q) = -10*q**2 - 18692*q + 74764. Give r(4).
-164
Let p(c) = -10051*c + 30041. What is p(3)?
-112
Let z(p) = 5853*p - 58500. What is z(10)?
30
Let r(d) = 16414*d - 394013. Calculate r(24).
-77
Let u(t) = -7*t**2 - 2636*t + 10634. Determine u(4).
-22
Let v(m) = -66*m**2 + 21776*m + 1396. What is v(330)?
76
Let w(r) = 4*r**3 + 45525*r + 45524. Determine w(-1).
-5
Let c(y) = -1532*y - 1888. Give c(-3).
2708
Let u(p) = -2*p**2 + 18306*p + 23837